- n**2 + n + 1. Let q be ((-8)/(-32))/(2/8)*-1. What is g(q)?
56
Suppose 7*h + 34 - 20 = 0. Let y(g) = -4*g**2 + 3*g + 3. Calculate y(h).
-19
Suppose -z - 5*w - 8 = 0, 11 + 1 = 5*z - w. Let v(n) = -5*n - n**z - 43 + 43. What is v(-6)?
-6
Let k(v) = v**2 - v + 4. Suppose z + 1 = -4*u, 4*z + u + u = 10. Calculate k(z).
10
Let b(t) = -4*t**2 + 3*t - 3. Let g(o) = 3*o**2 + 9*o + 2. Let w = -32 - -17. Let s be -2 + 1 - (-13 - w). Let i be g(s). Give b(i).
-13
Let p(s) = 4*s**3 - 7*s**2 + s + 2. Let q(w) = -5*w**3 + 9*w**2 - 2*w - 2. Let o(u) = -4*p(u) - 3*q(u). Calculate o(2).
-2
Let a(w) = w**2 - 3*w + 21. Let u(r) = r**2 - 4*r + 29. Let t(p) = -7*a(p) + 5*u(p). Calculate t(-2).
-12
Let q(z) be the third derivative of -7*z**5/60 + z**4/24 + z**2. Let w be (-11 + -1)/(0 + 6 + -5). Let d be ((-2)/(-8))/(45/w - -4). Give q(d).
-6
Let x(m) be the second derivative of m**5/20 + 5*m**4/6 - m**3/6 + m**2/2 - 3*m + 1. What is x(-10)?
11
Let z(d) be the second derivative of d**5/20 + d**4/24 - d**2 + 2*d. Let r(k) be the first derivative of z(k). Let i = 6325 - 6326. Determine r(i).
2
Let b be ((-15)/(-18) + -1)/((-5)/(-30)). Let s(r) = 12*r**2 + 2*r + 1. What is s(b)?
11
Let n(t) = -t - 10. Suppose 5*v - 5 = u, 5*v = 5*u + 9*v + 25. Determine n(u).
-5
Let f(u) be the first derivative of u**4/24 - 2*u**3/3 + 22*u**2 - 13. Let d(v) be the second derivative of f(v). What is d(-4)?
-8
Let l(c) = -6*c + 1. Let h(b) = 50*b - 6. Let z(n) = -h(n) - 5*l(n). Give z(-1).
21
Suppose -6*t + 0 = -42. Let l(g) be the first derivative of -g**4/4 + 8*g**3/3 - 4*g**2 + 2*g - 77. Determine l(t).
-5
Suppose 2*z - 20 - 10 = 0. Let a be (6/(-9))/((-2)/z). Let f(y) = 4 - 4*y**3 - 2*y**3 + 4*y**2 + y + 2*y**3 + a*y**3. Determine f(-4).
0
Let q(c) = 3*c + 25. Let u(l) = 2. Let f(j) = q(j) - 5*u(j). Calculate f(-9).
-12
Suppose 2*g + 25 = s + 4*s, -5*g + 2*s = 31. Let o be (1 - g)*(4 - 2). Suppose j - o = -2*j. Let i(f) = f**3 - 3*f**2 - 3*f + 4. Give i(j).
8
Suppose 2*o = 9*k - 11*k, o + 2*k = -2. Let x(d) = 2*d**2. What is x(o)?
8
Suppose q = -j + 8 - 2, j = -3*q + 16. Suppose -a = 4*l + 8, -a = -5*l - 6*a + q. Let c(t) = t**2 + 2*t - 1. What is c(l)?
2
Let p(r) = -2*r - 3. Let m be -14 - -5 - -7 - 4. Calculate p(m).
9
Let p be 7 + 2 + (-3 - -1). Let t(r) be the first derivative of -r**3/3 + 2*r**2 + 7*r - 61. Give t(p).
-14
Let z(c) = 49*c - 1. Let u(n) = -37*n - 2. Let d(k) = -4*u(k) - 3*z(k). Suppose 0 = -4*o - i + 5, -4*i + 25 = 4*o + i. Calculate d(o).
11
Let p be 6/75 + 238/150. Let n(h) be the first derivative of -2*h**2 + p*h**3 - 1/4*h**4 + 4*h + 2. Give n(3).
10
Let j(i) = -46*i + 10*i**2 - 34 + i**3 + 43 + 38*i. Give j(-11).
-24
Let y = -56 - 25. Let d = y + 82. Let a(k) = 2*k**2 + k - 1. Calculate a(d).
2
Let a(g) = g**3 - 6*g**2 - 2*g + 7. Suppose -2*m = 2*m - 24. Suppose -m = -p - 0. Give a(p).
-5
Let l(p) be the third derivative of p**6/120 + p**4/24 - 5*p**3/6 + 52*p**2. Suppose 0 = -2*q - q - 3. Let y(x) = x**2 - 1. Let s be y(q). What is l(s)?
-5
Let i(m) be the third derivative of -m**5/60 + m**4/8 - m**3/3 - 105*m**2. Determine i(2).
0
Let c(g) = 3*g + 14. Let b(n) = -n**2 - 6*n + 128. Let t be b(9). Calculate c(t).
-7
Let r(y) = y. Let m = 261 - 270. Determine r(m).
-9
Suppose -3*h - 14 - 10 = 3*z, 2*h - z + 28 = 0. Let d(y) = -y**2 - 11*y + 17. Determine d(h).
5
Let h(k) = k**2 + k - 4. Suppose 5*v = 30 + 50. Let o = -16 + v. What is h(o)?
-4
Let m(t) = 16*t - 4*t - 9*t. Let w(b) = -b. Let a(x) = 4*m(x) + 14*w(x). What is a(6)?
-12
Let o(t) be the second derivative of -t**7/2520 - t**6/120 + t**5/30 + 19*t**4/12 - 14*t. Let k(m) be the third derivative of o(m). Calculate k(-6).
4
Let w(m) = m + 1. Let k(p) = -5*p - 121. Let f be k(-24). Determine w(f).
0
Let n(j) be the first derivative of 1/2*j**2 - 4*j + 12. Calculate n(-9).
-13
Let d(s) = -526 - s + 10*s - s**2 - 520 + 1036. Determine d(7).
4
Let f(s) = s**3 + 3*s**2 + 3*s - 1. Let o(q) = -q - 1. Let r be o(-4). Let u be -5 + -1 + r - (0 - 0). Determine f(u).
-10
Let r(j) = 13*j - 3. Let i(f) = -20*f + 6. Let g(w) = -5*i(w) - 8*r(w). What is g(-5)?
14
Let l = 106 - 91. Suppose l = -3*x, 5*w - 15 = -4*x - 0. Let f(c) be the second derivative of c**3/3 - 7*c**2/2 + c. Calculate f(w).
7
Let a(c) be the third derivative of -c**5/60 + 3*c**4/8 - c**3/3 + 3*c**2. Suppose -5*d + 19 + 21 = -3*o, 0 = -2*o - 10. What is a(d)?
18
Suppose 0 = 4*q - 102 - 66. Suppose 7*w = -q - 35. Let u(g) = -g**2 - 10*g + 2. Determine u(w).
-9
Let v(l) = l**2 - 3*l - 4. Let f be (2 - 1)*2*(-69)/(-46). What is v(f)?
-4
Let f(u) = -u**2 + 2. Let a be 2/(2/(-3))*(-4)/6. Calculate f(a).
-2
Let g(i) be the third derivative of -5*i**4/24 - i**3/6 + 5*i**2. Let v be g(1). Let q(t) = 2*t**2 - 3 - 3 + 3 + 5*t - t**2. What is q(v)?
3
Let f(a) = 12 + a**3 - 4 + 3*a - 2*a**2 + 15*a**2 - 2*a**2. Determine f(-11).
-25
Let v(w) = 20 - 2*w - 7 - 9 - 10. What is v(-3)?
0
Let k(j) = -2*j + 1. Let d = 231 - 148. Let w = d + -82. Give k(w).
-1
Let b be ((-2)/(-3))/((-2)/(-36)). Suppose -3*k = -b, k = -6*z + z + 29. Let f(u) = -3 + 0*u**2 + 3*u**2 + 0*u**2 - 5*u**2 + 3*u**2 - 5*u. What is f(z)?
-3
Let c(f) = -2*f - 2. Let x(m) = -3*m + 8. Let o be x(-4). Suppose -3*q + 8*q = -o. Give c(q).
6
Let m(o) = 7 - 321*o + 161*o + 167*o + 7*o**2 + o**3. Suppose p + 18 = -2*p. What is m(p)?
1
Let g be (6 - (11 + 0)) + -1 + 1. Let t(h) = h**3 + 4*h**2 - 5*h. Determine t(g).
0
Let q(w) = w**3 + 17*w**2 + 9. Let z be q(-17). Let o = 8 - z. Let x(b) = b - 2*b + 0*b. Give x(o).
1
Let c(a) = 10*a - 86 - 98 + 190. What is c(-2)?
-14
Let z(s) = -s. Let o be z(-7). Let v(m) = 8*m**2 - 5*m - 5. Let k be v(-1). Suppose -3*i = -o*i + k. Let y(g) = -g**2 + 2*g + 2. What is y(i)?
2
Let n = -29 + 33. Suppose -n*b = -8, 2*v + 4*b = 2 + 12. Let j(x) = -4*x**2 + 7*x + 5 - 12 + 5 + x**v - 4*x. Determine j(3).
-2
Suppose -9 = 6*v - 9*v. Suppose 8*c = 2*x + 5*c - 17, -3 = v*c. Let g(m) = m**3 - 7*m**2 + 2. What is g(x)?
2
Let z(l) = l**3 - 10*l**2 - 12*l + 5. Suppose -2*g = 27*g - 319. Determine z(g).
-6
Let y(c) = -5*c**2 + c - 7. Let j(k) = k**2 + k. Let o(x) = 6*j(x) + y(x). Determine o(-6).
-13
Let c(o) = 13 - 15 + o + 7*o - 2*o. Suppose 2*k - 4 = -4*d, 2*k - 4*d - 5 = -1. Determine c(k).
10
Suppose 3*f - 3*i = -24, -5*f - i - 27 - 13 = 0. Let d(b) = -3*b**2 - 2*b - 9 - 3 + 7*b**2 + 4*b**2 + b**3. Determine d(f).
4
Let u = -19 + 19. Suppose 13*o - 9*o - 8 = u. Let x(s) = -5 + o - 1 + 0*s - s. Calculate x(3).
-7
Let n(o) = o**3 + o**2 + o + 14. Let x be (30/10)/(1 - 0). Let v be 0/(1 + x)*-1. Determine n(v).
14
Let j(z) = 9*z**2 + 2*z - 1. Suppose 44*p = 43*p + 1. Calculate j(p).
10
Let c(x) be the first derivative of -x**2/2 + 5*x - 15. Give c(2).
3
Let b(n) = -n**3 + 7*n**2 - 8*n - 3. Let j(o) = -o**2 - 16*o + 19. Let c be j(-17). Suppose -5*x + 11 = c*m - 6, 3*x - 21 = -3*m. Determine b(m).
-15
Let k(l) be the third derivative of -l**6/120 + l**5/12 - 5*l**4/24 + 2*l**3/3 - 2*l**2. Suppose -3 = 15*w - 16*w. Give k(w).
7
Let l(i) = -9*i + 7*i - 6 - i + 17 - 5. What is l(3)?
-3
Suppose o - 8 - 20 = 0. Suppose 0 = -3*a - 5*g + o, -6*a + 4*a + 5*g = 23. Let i(k) be the first derivative of -5*k**4/4 - k**3/3 + k**2/2 - 1. Give i(a).
-5
Let q(t) be the second derivative of -t**4/12 + t**3 + 5*t**2/2 + 117*t. Calculate q(6).
5
Let w(y) = 3*y**3 - 2*y - 1. Suppose v + 3*v - 116 = 0. Suppose 0 = -28*s + v*s + 1. Give w(s).
-2
Let l(s) = 88*s - 18*s**2 - 81*s + 6 + s**3 + 23*s**2. Let k be (4 - 0)*(-2)/2. Calculate l(k).
-6
Let w(j) = 2*j + 9. Let r(q) = 43*q**2 + 5*q - 3. Let d be r(1). Let z = d - 51. Calculate w(z).
-3
Suppose 17 = 5*s - g, -s = 2*g - 11 + 1. Let r be 1*0/(4/s). Let n = 1 + r. Let m(i) = 8*i**3 - i**2. What is m(n)?
7
Let a(b) be the third derivative of b**5/30 - b**4/4 - b**3/3 - 6*b**2. Let p(q) = -q**2 + 1. Let y(l) = a(l) + 3*p(l). Give y(-6).
1
Let s(z) be the first derivative of 2*z**3/3 + 3*z**2 - z - 124. Give s(-5).
19
Let x(n) = 7*n**3 + n**2 - n + 10. Let b(t) = -5*t**3 - t**2 + t - 9. Let k(r) = -3*b(r) - 2*x(r). Give k(0).
7
Let b(j) be the third derivative of j**5/60 + j**4/3 + 3*j**3/2 - j**2. Let w(z) = z**2 + 10*z + 8. Let m be w(-12). Suppose -4*q - m + 8 = 0. What is b(q)?
-3
Let k(u) = -5 + 49*u**3 + 45*u**3 - 5*u**2 - 132*u**3 + 37*u**3. Let